= -0*t - t. Let n be 2 - (-12*(-45)/12 + 5). Is t/4 - 30/n*2138 prime?
False
Let v(l) be the third derivative of 1/4*l**5 + 14*l**2 + 1/12*l**4 + 0*l + 1/2*l**3 + 0. Is v(4) composite?
False
Let d(u) = 3*u**3 - 2*u**2 + 1. Let p be d(1). Suppose 0 = p*s + 4*f + 16, -5*f - 13 = -3*s + 18. Let h(k) = 427*k**2 + k - 4. Is h(s) a composite number?
True
Let t(u) = -7844*u + 457. Is t(-15) prime?
False
Let n(c) = -2*c**3 + 40*c**2 - 3*c + 36. Let h(b) = 25*b - 106. Let l be h(5). Is n(l) a prime number?
True
Suppose -57*g + 3150880 = -21*g + 124*g. Is g prime?
False
Let x(k) = 157*k**3 + 43*k**2 + 3*k - 111. Is x(10) prime?
False
Suppose 5*x = -2*u - 2012 - 3077, -3*u - 1010 = x. Let g = x - -2106. Is g a prime number?
True
Let j(o) = 1083*o**3 + 30*o**2 - 7*o - 1. Is j(3) prime?
False
Suppose 53 = -24*k + 269. Suppose -k*q - 8982 = -96075. Is q a composite number?
False
Is (-352)/264*6/44 + 2445062/22 composite?
True
Let n be (1 - -3 - 5)/(4/(-104)). Let z(r) = 55*r - 4. Let g be z(-11). Let w = n - g. Is w a composite number?
True
Suppose 4*t = -4*m - 9960, -5*m - 11374 = 3*t + 1086. Let r = -509 - m. Suppose 5*o - 3*y = 799 + r, 4*o = -3*y + 2201. Is o a prime number?
False
Let o(t) = -67687*t - 45. Is o(-2) a prime number?
True
Let p(j) = -22*j**2 - 134*j - 7. Let o be p(-6). Suppose 2*u + o*h - 4472 = 0, 8304 + 2861 = 5*u + 5*h. Is u composite?
True
Is 1/((-2)/(22051*(-7 - -5))) a composite number?
False
Let s = 614163 + -423702. Is s prime?
False
Suppose -11*o - 9095 + 3001 = 0. Let s = o + 1239. Is s a composite number?
True
Suppose -3*z + 4*z + 3*r = 407455, 5*z - 2*r = 2037173. Is z a composite number?
False
Let l = 153 + -150. Suppose l*w = -5692 + 21031. Is w prime?
True
Let s(q) = 0*q**2 + 2*q**2 - 4606*q**3 - 3*q + 2 + 4620*q**3. Is s(1) a prime number?
False
Let v be 6 + (-2 + 2 - -1). Let d(j) = 215*j**2 + 14 - 648*j**2 + 216*j**2 + 216*j**2 + 4*j**3 - 12*j. Is d(v) prime?
False
Let v(x) = 2*x + 21. Let w be v(-12). Let n be 0 - (-1 + 6 + -2). Is n/(-2)*((-112)/w - 2) a composite number?
False
Let a = 61800 - 17541. Is a composite?
True
Is (-26570540)/73*1/(-4) a prime number?
False
Let c(r) = -r**3 + r**2 - 2*r + 8. Let n be c(0). Is 7953 - (n/(-10))/((-4)/20) a prime number?
True
Suppose 0*k + 6*k + 444 = 0. Let o = 74 + k. Suppose o = 2*j - 5*y - 2922 + 900, -3010 = -3*j - 4*y. Is j prime?
False
Let w be (613 - (10 + -4))/((-1)/(-2)). Suppose 4*v + w = -5*x + 3209, 0 = 5*x - 4*v - 1995. Let q = -256 + x. Is q a prime number?
False
Let m be 1/3 + -2*(-60222)/(-18). Let w = -4194 + 1656. Let v = w - m. Is v composite?
False
Suppose -a = -5*b - 158129, 6*a + 6*b + 474369 = 9*a. Is a a composite number?
True
Is (-5 + (-1 - -5))*(-384014 + (2 - 5)) a composite number?
False
Let h(d) = d - 7. Let s be h(-2). Let l be 18/2 - (s + 11). Suppose l*c = -c + 48. Is c prime?
False
Let f be (0 - (-1 + -2))*2. Let i be 4/(-7) + (-416658)/(-154). Suppose -i = -f*p + p. Is p prime?
True
Suppose -5*k - 4*m + 29372 = 0, 2*k + k - 4*m - 17604 = 0. Let f be k/18 + (-20)/90. Suppose f = 4*o - 2*o. Is o a composite number?
False
Let r = 1089 - 2489. Let g be 1/(r/(-1399) + -1). Suppose g = 10*d - 9*d. Is d composite?
False
Let q(d) = 36*d + 17. Let y be (-1)/(45/(-10) - -4). Suppose -t + i = -0*t - 9, 2*t - 10 = -y*i. Is q(t) composite?
False
Let n = 13161 + 2068. Is n prime?
False
Let z(w) = 8*w**2 - 11411*w**3 - 3*w**2 - 5*w**2 - 1. Let p be z(-1). Suppose -16*o + p = -6*o. Is o prime?
False
Suppose -5*d = -0*d - 20. Let g be 1 + d*(-6 - -1). Is 24/228 + (-929)/g a prime number?
False
Let j = -17 + 209. Suppose 195*p = j*p + 9879. Is p composite?
True
Is -3 - (68/3)/(21 + 9907989/(-471807)) a prime number?
True
Suppose 6*k - 1192 = 4*t + 2*k, 0 = -4*t - 5*k - 1228. Let x = 1021 + t. Let y = x + -90. Is y a composite number?
True
Suppose 2*b - 50 = -3*o, 0 = -2*b - 2*b - 2*o + 108. Let z = -44 - -30. Let y = b + z. Is y a prime number?
False
Is 0 - 347314/(-14) - (-918)/1071 prime?
True
Let r(o) = 381*o**2 + 8*o + 3. Let l be (48/(-18)*1 + 2)*-6. Is r(l) a composite number?
False
Is 11/(-2) - (-190)/76 - -97076 a prime number?
True
Suppose 2*x = -3*z - 1129, 1200 = 5*x + 5*z + 4025. Let y = x + 347. Let n = y - -716. Is n a prime number?
False
Suppose 24*b - 15138081 = -13*b - 26*b. Is b a composite number?
False
Let y be (-9)/(-1) + -3*(2 + -1). Let s be (104/(-6))/(y/(-7902)*2). Suppose 0 = 3*t + 4*l - 15289, -4*l = -4*t + 8990 + s. Is t composite?
False
Let w = -44 - -47. Let f = w - 357. Let c = f + 685. Is c a composite number?
False
Suppose -3*c - 4*k + 0*k = -6707, 2*k = 2*c - 4462. Let l = c + -1070. Is l composite?
False
Suppose 16*h = 11*h + 11510. Suppose -144*j + 142*j + h = 0. Is j prime?
True
Let b = -65 + -52. Is ((-26)/b + 118678/(-18))*-1 composite?
True
Let i(q) = 142*q + 20. Let n(s) = 142*s + 19. Let u(k) = -2*i(k) + 3*n(k). Let a be u(12). Suppose -2*g + a = 3*z, -3*z + 8*z - 3437 = -4*g. Is g composite?
False
Let m(y) = y**2 + 14*y + 29. Let n be m(-2). Is -1 + n + -8 - -366 a prime number?
False
Let c(r) = r**3 - 41*r**2 + 224*r + 1557. Is c(80) prime?
False
Suppose 2*i - 6 = -0*d - d, 0 = 2*d - 2*i + 12. Is 0 + d + (4 - (5 + -18)) a prime number?
False
Let s be (445 + (-16)/(-4))*(-84)/(-3). Is 2/6 + s/21 prime?
True
Let q = 727 + -736. Let g(m) = -31*m**3 - 10*m**2 - 40*m - 28. Is g(q) a prime number?
False
Suppose 5*u - 1207788 = w, 40*w - 38*w = 4. Is u prime?
False
Let b(z) = -9*z**2 + 179*z + 18. Let s be b(20). Is s + 18524/6 - (-20)/30 a composite number?
True
Let p(o) = -o**2 + 17*o + 26. Let r be p(12). Let s = 89 - r. Suppose 0*u - 2*u = -s*g - 3383, -5*g - 5074 = -3*u. Is u a composite number?
False
Let b = 354 + -365. Is 29511/12 + b/44 composite?
False
Let b(j) = 12*j**2 - 45*j + 85. Let r be b(-37). Suppose 11*q - 52377 + r = 0. Is q a prime number?
True
Is (-4)/6*(-3655047)/22 prime?
False
Let j = 1384 - 804. Suppose -2*r = -840 - j. Suppose f + f = r. Is f prime?
False
Let w be (((-15)/20)/(-3))/((-2)/(-16)). Suppose w*l = 3096 + 214. Is l prime?
False
Is 31736/(-16)*(1 + (-150)/2) prime?
False
Let k be 1 - 1 - (-5 - -4). Let a be (-822)/4*(k + 15/(-9)). Suppose -c + 5 = 0, -w + 0*c + a = 2*c. Is w prime?
True
Let w(z) be the first derivative of -z**3/3 - 11*z**2/2 - 30*z - 44. Let n be w(-6). Is 3 - n - (-1 + (-1064 - -1)) prime?
False
Is 2/(-3)*(28/(-112))/((-5)/(-5908830)) a composite number?
False
Let s(b) = 3*b**2 + 15*b + 23. Let z(a) = -a**2 + a. Let i(q) = s(q) - 2*z(q). Suppose 3*u = 3*c + 8*u + 61, -c + 2*u - 13 = 0. Is i(c) composite?
True
Let c(z) = 5*z**2 - 116*z + 22. Is c(109) composite?
True
Let v(u) = 415*u**2 + 400*u + 2. Is v(7) prime?
False
Let s = -20 - -23. Suppose 0 = -s*m - 44 + 74. Suppose -356 = m*r - 14*r. Is r a prime number?
True
Suppose -5*h + 33 = v, 3*v + h = 2*v + 49. Let f(u) = -15 + v*u**2 + 13*u - 27 + 35. Is f(5) prime?
False
Is 133960 - (12 - (-4 + 13)) a composite number?
True
Suppose 5*s + 132 = 2*i + 48, 0 = -3*s + i - 50. Let t(p) be the first derivative of -33*p**2/2 - 11*p - 553. Is t(s) a prime number?
False
Let o = 83 - 42. Suppose 225495 = -32*l + o*l. Is l a prime number?
False
Suppose -3*a - 13065 = 4*d, d + 1286 + 1984 = -2*a. Let l = -211 - d. Is l composite?
True
Is 12363/(-52)*-932*(-2)/(-6)*1 a prime number?
False
Suppose 10 = -13*u + 10. Suppose -982*y + 975*y + 39095 = u. Is y a prime number?
False
Let i(l) = 8*l - 53. Let y be i(10). Suppose 54*h - y*h = 39987. Is h prime?
True
Let z = 53427 - 19528. Let b = z - 19230. Is b composite?
False
Suppose 0 = -5*a - 3*i + 595210, -5*a - 17*i + 595205 = -15*i. Is a prime?
True
Let q be (-4)/(-6)*131 + (-2)/6. Suppose 327 = 3*m + 4*f, -5*m + 3*f - q = -661. Is m prime?
True
Let p(f) = 6*f - 182 + 198 + 3*f - f + 27*f**2. Let j(y) = y**3 + 5*y**2 - 9*y - 7. Let x be j(-6). Is p(x) a composite number?
False
Suppose 53302 = 40*g - 215658. Suppose 0 = -l + 5*x + g, -l + x + 514 + 6222 = 0. Is l prime?
False
Let k(b) = -1479*b - 46. Suppose 0 = -3*l + 29 - 44. Is k(l) prime?
True
Let l = 431 - 436. Is ((-1)/l)/(15/225) - -4928 a prime number?
True
Let i = -246 + 218. Is 42/i*(-2722)/3 a composite number?
False
Let s(m) = 35*m - 44. Let d be s(4). Suppose 0 = -28*j + 36*j + d. Let g(k) = -184*k + 29. Is g(j) prime?
Tr